ue
Suppose c + 10 = -0*c + 2*v, 4*c + 5*v = 25. Let r be -2*(-2)/4 + 8 + -7. Suppose c = r*j + 2*j - 716. Is j a prime number?
True
Suppose -30 + 5 = -5*k. Let n(c) = -c**2 - c. Let x be n(0). Is 1 + x + -3 + k composite?
False
Let h = -4351 - -11860. Is h prime?
False
Suppose -3*g - 990 = -t, -4*t = 4*g - 2*t + 1310. Let r = g + 658. Suppose -28 - r = -3*m. Is m a composite number?
True
Suppose -22*f + 1223887 = 7*f. Is f a prime number?
False
Let g(j) = -j**2. Let f be g(2). Is (-7 - f)*161/(-3) a prime number?
False
Let a = -5036 + 1869. Let t = -2214 - a. Is t a prime number?
True
Let j(b) = -22*b**3 - b**2 + 7*b - 3. Is j(-4) a prime number?
True
Suppose 6 = -3*s, 2*d = 5*s + 20 + 10. Suppose -8*i - 2284 = -d*i. Is i a composite number?
True
Let d(c) = 15*c - 5. Suppose 5*f + 8 = 9*f. Is d(f) a composite number?
True
Let w(z) = z**3 - 4*z**2 + 5*z - 4. Let j be w(3). Suppose -9093 = -j*d - d. Is d a composite number?
True
Suppose -2*s - 276 = -h + 815, -3*s = -3*h + 3267. Is h a prime number?
True
Let l = -22639 + 32888. Is l composite?
True
Let w(g) = 958*g - 125. Is w(4) a prime number?
False
Suppose z + 5*z = 17658. Let m = z + -1560. Is m a composite number?
True
Is (10 - (-25)/(-5)) + 43272/6 a composite number?
True
Suppose 0 = -2*i + 2, 5*t - 2*i + 1 = 4*t. Is -1*(-2 + t)*(865 + -27) a prime number?
False
Let v(p) = 392*p**2 - 6*p + 4. Let a be v(3). Suppose -6*c + a + 3368 = 0. Is c composite?
True
Let c be (2/(-2)*-2)/1. Suppose 3*f = 2*y + y - 6, 3*y + 3*f - 24 = 0. Suppose -h + 3*l = c*h - 120, -y*l = -4*h + 161. Is h prime?
False
Let y(j) be the first derivative of -69*j**2/2 + 13*j - 14. Is y(-5) prime?
False
Let t(l) = 1. Let o(u) = u**2 + 7*u + 4. Let d(w) = -o(w) - 5*t(w). Let a be d(-4). Is ((-2)/a)/((-26)/4641) prime?
False
Let u = 12337 + -6606. Is u composite?
True
Let b(k) = 2*k**2 + 5*k + 53. Is b(26) prime?
False
Suppose 0 = 4*f + f. Suppose f*w - 3*w = 2*z + 20, w + 8 = -z. Is ((-38)/z)/((-1)/(-2)) a prime number?
True
Let c(i) = 406*i + 23. Is c(15) composite?
False
Let d(t) = -3*t**3 + t**2 - 3*t - 4. Let z be -2 - ((-5)/(-2) + 2/4). Is d(z) prime?
False
Let c = -106 + 108. Suppose 1345 = c*u - 1953. Is u prime?
False
Let o = 17 - 14. Suppose 9*p - o*p = 4470. Is p a prime number?
False
Let o(c) = -14*c + 12*c**2 - 11 + 28 - 6*c**2. Is o(-6) prime?
True
Suppose 24*o - 19*o - 5155 = 0. Let w = o + -736. Is w composite?
True
Let h = 277 - -2816. Is h a prime number?
False
Let f(d) = -2*d**3 - 51*d**2 + 53*d + 41. Is f(-29) prime?
True
Let o(i) = -i**3 - 10*i + 2*i**3 - 23*i**2 + 34*i**2 + 5. Is o(-10) a prime number?
False
Let a(b) = -b - 9. Let h = 4 - 22. Let w be a(h). Suppose 4*t + w = -5*i + 143, -2*i + 50 = -2*t. Is i a prime number?
False
Let t(b) = 2*b**2 - 10*b + 4. Let u be t(5). Suppose -u*o - 885 = -q, -3*q + 2685 = -2*o + 5*o. Is q a prime number?
False
Let m = -1835 - -3076. Is m a composite number?
True
Suppose 3*p - 9734 + 3647 = 0. Suppose -4*c + p = 241. Is c a composite number?
True
Let g be 278*3 + (-3)/(-3). Let k = g - 224. Is k a prime number?
False
Let i(b) = 509*b**2 + 11*b + 85. Is i(-20) prime?
False
Let x(r) = -24*r - 14. Is x(-44) a prime number?
False
Let g(u) = u**2 - 26*u - 62. Is g(-9) a prime number?
False
Suppose -p = 0, -2*p + 974 = 3*m - 1444. Let w = m + -357. Is w prime?
True
Let r(x) = 3*x - 38. Let m be r(12). Is 4 + -6 - (m + (2 - 1723)) a composite number?
False
Let s(p) = p**3 - 18*p**2 + 2*p - 33. Let m be s(18). Suppose 3*l + 1681 - 455 = 2*a, 3*l = -m*a + 1839. Is a composite?
False
Let r = -32 - -37. Let w(l) = 11*l**3 + 5*l**2 + 13*l - 4. Is w(r) composite?
True
Suppose -h - 48 = -m + 2, 5*h + 25 = 0. Suppose 2*w = 7*w + m. Is (-1 - 6*w)*1 a prime number?
True
Let a = -12 + 26. Suppose -a = -q + 7. Is q composite?
True
Let p(j) = 13020*j + 37. Is p(1) a composite number?
True
Let l = -27 + 30. Let q(z) = 301*z**2 + 2*z + 4. Is q(l) a composite number?
False
Let n(v) be the third derivative of v**5/60 - 3*v**4/8 - v**3/3 - v**2. Let j be n(11). Suppose 4*t - j - 152 = 0. Is t a composite number?
False
Let r(n) = n**3 - 10*n**2 - 61*n - 19. Is r(20) a prime number?
False
Let c(l) = l - 4. Let h be c(2). Let d be (-1)/(2/(-118)) - h. Let u = d - 36. Is u a prime number?
False
Let z(y) = -15*y**2. Let c be z(1). Let i(o) = -2373*o + 15. Let g(v) = 339*v - 2. Let u(f) = c*g(f) - 2*i(f). Is u(-1) prime?
False
Suppose f + 5*g = 8551, 18*f - 34144 = 14*f - 5*g. Is f a composite number?
True
Suppose -c - 314 = 4*c - 4*l, -2*l = 8. Let i = -35 - c. Is i a prime number?
True
Let s(t) = 10*t**2 + 4*t - 9. Let r be s(5). Suppose 0 = -4*k - 0*g - 5*g + 232, g + r = 5*k. Is k prime?
True
Let a = -25 + 25. Suppose 2*y = -0*y - 4*h + 390, a = y - 4*h - 165. Is y prime?
False
Suppose -4*n + 15 = -n. Suppose 5*j = -b + 605, -b - b + 605 = n*j. Is j a prime number?
False
Let g(w) = 10*w**2 + 7*w + 12. Is g(31) a prime number?
True
Let n = -8973 + 16780. Is n prime?
False
Let l = 41810 - 23379. Is l a prime number?
False
Let y(s) = -s**3 + 11*s**2 - 10*s + 5. Let m be y(10). Suppose 3448 = 4*z + m*n - 3*n, 0 = 2*z - 5*n - 1724. Is z composite?
True
Let s = -14725 - -22974. Is s a prime number?
False
Let c(x) = -x**3 - x**2 + 1. Let v be c(-2). Suppose q + v*y = -17, 5*y - y = -q - 12. Suppose -3*u = -q*u + 275. Is u a prime number?
False
Let u = 322765 - 217696. Is u composite?
True
Is -2 + 5 - 422*-17 composite?
False
Suppose -5*h - 10 = 2*q, -4*h = -q + 2 - 7. Suppose h = 2*b - 0*b - 382. Is b prime?
True
Let x = 7 - 5. Suppose -4*z - x*z - 1386 = 0. Let f = z + 380. Is f composite?
False
Let h = -783 + 2834. Is h prime?
False
Let w be (-268)/(-52) + -5 + (-102)/(-13). Suppose w*h - 5397 = -941. Is h prime?
True
Let a(k) = 90*k**2 + 6*k - 281. Is a(-18) a composite number?
False
Suppose 8 = 7*u - 9*u, -3*m + 26679 = -3*u. Is m prime?
False
Let k(b) = 96*b**2 + 2*b. Let n be k(2). Suppose n = 6*w - 218. Suppose -2*d - 33 + w = 0. Is d prime?
False
Let f = 2581 + 852. Is f prime?
True
Is ((-582)/(-12))/((-1)/(-898)) prime?
False
Let q = -9643 + 14330. Is q prime?
False
Let k = 1313 - 2991. Let z = k + 2351. Is z composite?
False
Let k(d) = 0*d - 13*d**2 + 9*d - 6*d**2 + 5 + 21*d**2. Let h(w) = w. Let c be h(-6). Is k(c) composite?
False
Is 5168 - -1 - (-78)/39 prime?
True
Let y(o) = o + 8. Let k be y(-4). Suppose -5163 = -k*a - c, 5*a + 2*c - 6454 = c. Is a a prime number?
True
Suppose 3*d - 45 = -3. Let o be (600/d)/(-1)*-7. Suppose 0 = -3*u + 5*z + o, u - 4*z - 392 = -3*u. Is u a prime number?
False
Suppose 2*q = -q + 7275. Suppose q = -0*o + 5*o. Let c = o - 274. Is c a composite number?
False
Let g = 0 + 0. Suppose -5*w + 1002 + 173 = g. Is w composite?
True
Let w = 3516 - 2035. Is w a composite number?
False
Suppose -4*v - 27 = -7*v. Suppose 0 = 3*l - v - 0. Suppose 2 = 2*b - 4*b, l*s + 4*b - 161 = 0. Is s composite?
True
Suppose -11*p - 307 = -8766. Is p prime?
True
Let n = 119 - 122. Is (-7*519/(-6))/(n/(-6)) a composite number?
True
Let z = 16 - 14. Suppose 0 = 4*y - z*y - 2*g - 400, 0 = -3*y - 5*g + 584. Let d = y + -129. Is d prime?
False
Let f(r) = -4*r**3 + 5*r**2 + 2*r - 15. Let h be f(-5). Let c = h + 77. Is c a composite number?
False
Suppose -119*d = -116*d - 19794. Is d composite?
True
Suppose -r - 4*r = -25. Suppose 0 = -4*m - 4*n - 184, 0 = -8*m + r*m + 3*n - 126. Let w = 41 - m. Is w composite?
True
Let n(k) = 200*k**2 - 6*k - 1. Let x be n(-4). Let l = 4926 - x. Is l a prime number?
False
Let d be -211*24*(-1)/2. Is d/6 - (1 - -2) prime?
True
Suppose -j + 6*j = -f + 9956, 5*j - 39779 = -4*f. Is f a composite number?
False
Let n(q) = -q + 7. Let s be n(5). Let w be (-8)/(-1 + 1 - s). Is w/(-4*3)*-99 prime?
False
Let c(z) = 62*z - 7. Let s(f) = -2*f**3 + f**2 - f + 1. Let h be s(2). Let q = -10 - h. Is c(q) composite?
False
Let b(d) = 35*d**2 + 2*d - 4. Let s be b(3). Suppose 3*f - 2*r - 477 = 0, -f + r = f - s. Is f a prime number?
True
Suppose 5*w - 32347 = -4*j, 5*j - 8*j = -5*w + 32326. Is w a composite number?
True
Suppose 0 = 3*g - 2*t - 2*t - 22617, -4*t + 22641 = 3*g. Is g a prime number?
False
Let o = -28522 - -52853. Is o prime?
False
Let y(w) = -9 - 24*w**2 - 27*w + 21*w**2 - 2. Is y(-8) composite?
False
Suppose 29*x - 30*x + 2*z = -6, 4*x - 2*z = 18. L